{"id":178,"date":"2026-03-31T15:53:53","date_gmt":"2026-03-31T15:53:53","guid":{"rendered":"https:\/\/guneymar.com.tr\/index.php\/ana-sayfa-2\/"},"modified":"2026-04-03T20:34:19","modified_gmt":"2026-04-03T20:34:19","slug":"ana-sayfa-2","status":"publish","type":"page","link":"https:\/\/guneymar.com.tr\/","title":{"rendered":"Ana sayfa"},"content":{"rendered":"\n<div class=\"wp-block-cover aligncenter is-light hestia-clear-top-padding wp-duotone-unset-2\"><span aria-hidden=\"true\" class=\"wp-block-cover__background has-white-background-color has-background-dim-100 has-background-dim\"><\/span><div class=\"wp-block-cover__inner-container is-layout-flow wp-block-cover-is-layout-flow\">\n<h2 class=\"wp-block-heading has-text-align-center has-text-color\" style=\"color:#3c4858\">NEDEN B\u0130Z?<\/h2>\n\n\n\n<div class=\"wp-block-columns container is-layout-flex wp-container-core-columns-is-layout-28f84493 wp-block-columns-is-layout-flex\">\n<div class=\"wp-block-column is-layout-flow wp-block-column-is-layout-flow\"><div class=\"wp-block-image animated bounceInLeft delay-100ms slow \">\n<figure class=\"aligncenter size-thumbnail\" id=\"wp-block-themeisle-blocks-image-5f2a60de\"><img loading=\"lazy\" decoding=\"async\" width=\"150\" height=\"150\" src=\"https:\/\/guneymar.com.tr\/wp-content\/uploads\/2026\/04\/08_teslim-150x150.png\" alt=\"\" class=\"wp-image-224\" srcset=\"https:\/\/guneymar.com.tr\/wp-content\/uploads\/2026\/04\/08_teslim-150x150.png 150w, https:\/\/guneymar.com.tr\/wp-content\/uploads\/2026\/04\/08_teslim-300x300.png 300w, https:\/\/guneymar.com.tr\/wp-content\/uploads\/2026\/04\/08_teslim-768x768.png 768w, https:\/\/guneymar.com.tr\/wp-content\/uploads\/2026\/04\/08_teslim.png 1024w\" sizes=\"(max-width: 150px) 100vw, 150px\" \/><\/figure>\n<\/div>\n\n\n<h5 class=\"wp-block-heading has-text-align-center has-text-color\" style=\"color:#3c4858;font-size:18px\">M\u00dcHEND\u0130SL\u0130K<\/h5>\n\n\n\n<p class=\"has-text-align-left has-text-color\" style=\"color:#999999;font-size:14px\">\uf0a7 Makine \/ Ekipman Temel Tasar\u0131mlar\u0131<br>\uf0a7 \u00c7elik Konstr\u00fcksiyon Yap\u0131 Tasar\u0131mlar\u0131<br>\uf0a7 Detay M\u00fchendislik Hizmetlleri<br>\uf0a7 \u0130malat M\u00fchendisli\u011fi<br>\uf0a7 Tersine M\u00fchendislik<br>\uf0a7 Geli\u015ftirme \/ \u0130yile\u015ftirme m\u00fchendisli\u011fi<\/p>\n\n\n\n<p class=\"has-text-align-center has-text-color\" style=\"color:#999999;font-size:14px\"><\/p>\n\n\n\n<div style=\"height:25px\" aria-hidden=\"true\" class=\"wp-block-spacer\"><\/div>\n<\/div>\n\n\n\n<div class=\"wp-block-column is-layout-flow wp-block-column-is-layout-flow\"><div class=\"wp-block-image animated bounceInLeft delay-100ms slow wp-duotone-unset-1\">\n<figure class=\"aligncenter size-thumbnail has-custom-border\" id=\"wp-block-themeisle-blocks-image-48c711c7\"><img loading=\"lazy\" decoding=\"async\" width=\"150\" height=\"150\" src=\"https:\/\/guneymar.com.tr\/wp-content\/uploads\/2026\/04\/01_muh-ve-proje-150x150.png\" alt=\"\" class=\"wp-image-222\" style=\"border-style:none;border-width:0px;aspect-ratio:1;object-fit:cover\" srcset=\"https:\/\/guneymar.com.tr\/wp-content\/uploads\/2026\/04\/01_muh-ve-proje-150x150.png 150w, https:\/\/guneymar.com.tr\/wp-content\/uploads\/2026\/04\/01_muh-ve-proje-300x300.png 300w, https:\/\/guneymar.com.tr\/wp-content\/uploads\/2026\/04\/01_muh-ve-proje-768x768.png 768w, https:\/\/guneymar.com.tr\/wp-content\/uploads\/2026\/04\/01_muh-ve-proje.png 1024w\" sizes=\"(max-width: 150px) 100vw, 150px\" \/><\/figure>\n<\/div>\n\n\n<h5 class=\"wp-block-heading has-text-align-center has-text-color\" style=\"color:#3c4858;font-size:18px\">PROJE<\/h5>\n\n\n\n<p class=\"has-text-align-left has-text-color\" style=\"color:#999999;font-size:14px\">Projelere ait b\u00fct\u00e7e olu\u015fturma, sat\u0131n alma s\u00fcre\u00e7leri, \u00fcretim \u015femalar\u0131n\u0131n olu\u015fturulmas\u0131, kalite kontrol s\u00fcre\u00e7lerinin \u00fcretime entegrasyonu, dok\u00fcmantasyon, sevk ve teslim prosed\u00fcrleri gibi t\u00fcm s\u00fcre\u00e7lerin organizasyonu. Zaman \u00e7izelgesi, \u015firket i\u00e7i ve m\u00fc\u015fteri i\u00e7in ilerleme raporlar\u0131 ve s\u00fcre\u00e7teki ileti\u015fimin koordinasyonu.<\/p>\n\n\n\n<p class=\"has-text-align-center has-text-color\" style=\"color:#999999;font-size:14px\"><\/p>\n\n\n\n<div style=\"height:25px\" aria-hidden=\"true\" class=\"wp-block-spacer\"><\/div>\n<\/div>\n\n\n\n<div class=\"wp-block-column is-layout-flow wp-block-column-is-layout-flow\"><div class=\"wp-block-image animated bounceInLeft delay-100ms slow \">\n<figure class=\"aligncenter size-thumbnail\" id=\"wp-block-themeisle-blocks-image-7eb42aa7\"><img loading=\"lazy\" decoding=\"async\" width=\"150\" height=\"150\" src=\"https:\/\/guneymar.com.tr\/wp-content\/uploads\/2026\/04\/06_imalat-150x150.png\" alt=\"\" class=\"wp-image-223\" srcset=\"https:\/\/guneymar.com.tr\/wp-content\/uploads\/2026\/04\/06_imalat-150x150.png 150w, https:\/\/guneymar.com.tr\/wp-content\/uploads\/2026\/04\/06_imalat-300x300.png 300w, https:\/\/guneymar.com.tr\/wp-content\/uploads\/2026\/04\/06_imalat-768x768.png 768w, https:\/\/guneymar.com.tr\/wp-content\/uploads\/2026\/04\/06_imalat.png 1024w\" sizes=\"(max-width: 150px) 100vw, 150px\" \/><\/figure>\n<\/div>\n\n\n<h5 class=\"wp-block-heading has-text-align-center has-text-color\" style=\"color:#3c4858;font-size:18px\">\u00dcRET\u0130M<\/h5>\n\n\n\n<p class=\"has-text-align-left has-text-color\" style=\"color:#999999;font-size:14px\">\uf0a7 \u00dcretim \/ Proses kontrol ve raporlama<br>\uf0a7 Boyutsal kontroller ve raporlama<br>\uf0a7 Kaynak y\u00f6ntem ve kontrolleri <br>\uf0a7 Toplam kalite kontrol raporlama<br>\uf0a7 EN \/ ISO gereksinimlerine g\u00f6re \u00fcretim<\/p>\n\n\n\n<p class=\"has-text-align-center has-text-color\" style=\"color:#999999;font-size:14px\"><\/p>\n\n\n\n<div style=\"height:25px\" aria-hidden=\"true\" class=\"wp-block-spacer\"><\/div>\n<\/div>\n<\/div>\n\n\n\n\n\n<div style=\"height:40px\" aria-hidden=\"true\" class=\"wp-block-spacer\"><\/div>\n<\/div><\/div>\n\n\n\n<div class=\"wp-block-columns container is-layout-flex wp-container-core-columns-is-layout-28f84493 wp-block-columns-is-layout-flex\">\n<div class=\"wp-block-column col-md-5 is-layout-flow wp-block-column-is-layout-flow\">\n<h2 class=\"wp-block-heading\">G\u00fcneyMar Hakk\u0131nda<\/h2>\n\n\n\n<p>G\u00fcneyMar Proje \u00c7\u00f6z\u00fcmleri demir-\u00e7elik sekt\u00f6r\u00fc<br>ba\u015fta olmak \u00fczere end\u00fcstrinin ihtiya\u00e7 duydu\u011fu<br>m\u00fchendislik ihtiya\u00e7lar\u0131n\u0131 ekonomik \u00e7\u00f6z\u00fcmlerle<br>sonuca ula\u015ft\u0131rmay\u0131 hedefleyen proje, imalat ve<br>denetim hizmetleri sunar.<br>15 y\u0131l\u0131 a\u015fk\u0131n sekt\u00f6rel tecr\u00fcbe ile end\u00fcstriyel yat\u0131r\u0131m<br>ve ihtiya\u00e7lar\u0131n b\u00fct\u00e7esel hedefler do\u011frultusunda,<br>verimlili\u011fi ve kalite bilincini \u00f6n planda tutarak hayata<br>ge\u00e7mesini hedefler.<br>G\u00fcneyMar Proje \u00c7\u00f6z\u00fcmleri sundu\u011fu \u00fcr\u00fcn ve<br>hizmetlerde ISO ve EN standartlar\u0131n\u0131 takip eder,<br>etkin proje planlama ve geni\u015f tedarik\u00e7i a\u011f\u0131 ile<br>end\u00fcstriyel talepleri planlanan zamanda teslim<br>etmek \u00fczere yol haritalar\u0131 olu\u015fturur.<\/p>\n<\/div>\n\n\n\n<div class=\"wp-block-column col-md-6 col-md-offset1 is-layout-flow wp-block-column-is-layout-flow\">\n<div style=\"height:55px\" aria-hidden=\"true\" class=\"wp-block-spacer\"><\/div>\n\n\n\n<figure class=\"wp-block-image size-full is-resized\"><img loading=\"lazy\" decoding=\"async\" width=\"760\" height=\"428\" src=\"https:\/\/guneymar.com.tr\/wp-content\/uploads\/2026\/04\/GMLogo_Yatay_Koyu-edited.jpg\" alt=\"\" class=\"wp-image-242\" style=\"width:770px;height:auto\" srcset=\"https:\/\/guneymar.com.tr\/wp-content\/uploads\/2026\/04\/GMLogo_Yatay_Koyu-edited.jpg 760w, https:\/\/guneymar.com.tr\/wp-content\/uploads\/2026\/04\/GMLogo_Yatay_Koyu-edited-300x169.jpg 300w\" sizes=\"(max-width: 760px) 100vw, 760px\" \/><\/figure>\n\n\n\n<p><\/p>\n<\/div>\n<\/div>\n","protected":false},"excerpt":{"rendered":"<p>G\u00fcneyMar Hakk\u0131nda G\u00fcneyMar Proje \u00c7\u00f6z\u00fcmleri demir-\u00e7elik sekt\u00f6r\u00fcba\u015fta olmak \u00fczere end\u00fcstrinin ihtiya\u00e7 duydu\u011fum\u00fchendislik ihtiya\u00e7lar\u0131n\u0131 ekonomik \u00e7\u00f6z\u00fcmlerlesonuca ula\u015ft\u0131rmay\u0131 hedefleyen proje, imalat vedenetim hizmetleri sunar.15 y\u0131l\u0131 a\u015fk\u0131n sekt\u00f6rel tecr\u00fcbe ile end\u00fcstriyel yat\u0131r\u0131mve ihtiya\u00e7lar\u0131n b\u00fct\u00e7esel hedefler do\u011frultusunda,verimlili\u011fi ve kalite bilincini \u00f6n planda tutarak hayatage\u00e7mesini hedefler.G\u00fcneyMar Proje \u00c7\u00f6z\u00fcmleri sundu\u011fu \u00fcr\u00fcn vehizmetlerde ISO ve EN standartlar\u0131n\u0131 [&hellip;]<\/p>\n","protected":false},"author":1,"featured_media":0,"parent":0,"menu_order":0,"comment_status":"closed","ping_status":"closed","template":"","meta":{"saved_in_kubio":true,"_themeisle_gutenberg_block_has_review":false,"footnotes":""},"class_list":["post-178","page","type-page","status-publish","hentry"],"kubio_ai_page_context":{"short_desc":"","purpose":"general"},"_links":{"self":[{"href":"https:\/\/guneymar.com.tr\/index.php\/wp-json\/wp\/v2\/pages\/178","targetHints":{"allow":["GET"]}}],"collection":[{"href":"https:\/\/guneymar.com.tr\/index.php\/wp-json\/wp\/v2\/pages"}],"about":[{"href":"https:\/\/guneymar.com.tr\/index.php\/wp-json\/wp\/v2\/types\/page"}],"author":[{"embeddable":true,"href":"https:\/\/guneymar.com.tr\/index.php\/wp-json\/wp\/v2\/users\/1"}],"replies":[{"embeddable":true,"href":"https:\/\/guneymar.com.tr\/index.php\/wp-json\/wp\/v2\/comments?post=178"}],"version-history":[{"count":7,"href":"https:\/\/guneymar.com.tr\/index.php\/wp-json\/wp\/v2\/pages\/178\/revisions"}],"predecessor-version":[{"id":254,"href":"https:\/\/guneymar.com.tr\/index.php\/wp-json\/wp\/v2\/pages\/178\/revisions\/254"}],"wp:attachment":[{"href":"https:\/\/guneymar.com.tr\/index.php\/wp-json\/wp\/v2\/media?parent=178"}],"curies":[{"name":"wp","href":"https:\/\/api.w.org\/{rel}","templated":true}]}}